mine y(i).
-2
Let k(o) = 4. Let y = -3 - -2. Let v(n) = n + 1. Let q(j) = y*k(j) + 5*v(j). Let b(d) = -d**3 - 3*d**2 - 2*d - 1. Let c be b(-2). Determine q(c).
-4
Let u(f) = -3*f**2 + f**3 + 0*f**3 + 209 - 203 - 2*f + 7*f**2. Let c(m) = -m**3 - 6*m**2 - 3*m + 5. Let n be c(-5). Calculate u(n).
-9
Let y(q) = -q**2 - 7*q - 9. Let g(k) = -k**3 - 4*k**2 + 11*k - 13. Let i be g(-6). Determine y(i).
-9
Let l(y) = 3*y**3 + 2*y - 1. Suppose -7*b + 4*b + 6 = 0. Suppose b*p - 14 = w - 5*w, 0 = -5*w + p. Suppose -h = -2*h + w. Calculate l(h).
4
Let b(l) = -l + 3. Suppose -y = -8*t + 3*t + 14, -3*y + 15 = 4*t. Determine b(t).
0
Suppose 4*d + 2*a = 7*a - 5, -3*d = 5*a - 5. Let w(s) be the second derivative of s**4/12 + 9*s**2/2 - 2*s. What is w(d)?
9
Let z(p) = 4*p + 1. Let h(o) be the second derivative of 11*o**3/6 + o**2 - 5*o. Let n(q) = -3*h(q) + 8*z(q). What is n(2)?
0
Let r(d) be the third derivative of d**4/12 + d**3/3 + 2*d**2. Let c be r(-2). Let t(p) = -p**3 - 2*p**2 - p + 2. Calculate t(c).
4
Let i(b) = -6*b - 3. Let q be i(-1). Let o(t) be the third derivative of 0 + 1/24*t**4 + 1/120*t**6 - 4*t**2 + 0*t - 1/60*t**5 - 4/3*t**q. Calculate o(0).
-8
Let g(q) = -4*q - 1. Let u(s) = -s - 5. Let y(j) = j + 4. Let d(z) = 4*u(z) + 5*y(z). Let i(f) = -6*d(f) - g(f). Let w be 4/6*(3 + -6). Determine i(w).
5
Let t(g) = 0*g + 3*g - 4*g - 2. Let q = 3 - -1. Calculate t(q).
-6
Suppose -13*j + 15*j - 2 = 0. Let x(s) = -26*s + 1. Determine x(j).
-25
Let i(p) = -p + 2. Suppose 0 = -2*h - 2*h + 16. Suppose -5*f - 2 = -h*f. What is i(f)?
4
Let v = -7 - -4. Let j(u) = -u + 3 - 4 + 5 + 0*u. Calculate j(v).
7
Suppose 0 = -3*y - 2*y + 5*u + 5, 2*u - 12 = -5*y. Suppose 4*i + b - 8 = 0, -4*b = -y*b. Let x(h) = -1 + 4 + i - h. What is x(4)?
1
Let m(l) be the first derivative of -l**5/20 + l**4/12 - l**3/6 - l**2 + 2. Let q(g) be the second derivative of m(g). Let p = 4 - 3. Determine q(p).
-2
Let a(y) be the second derivative of -y**4/3 + y**2/2 + 38*y - 2. Determine a(-1).
-3
Let h(w) = -w - 10. Let n(r) = -3. Let m(o) = 4*h(o) - 14*n(o). Let l be m(-2). Suppose -u = u + l. Let t(i) = i. Determine t(u).
-5
Let t(r) be the second derivative of 7*r + 0 - 3/2*r**2 + 1/6*r**3. Determine t(3).
0
Suppose -2*z - 4*o = o - 21, 12 = z + 3*o. Suppose 0 = -z*x + 6 - 0. Let f(p) = 0*p**2 - 3 + p + p**x + 2 + 2*p**3. Determine f(1).
3
Suppose 0 = 2*w + 2*w. Let k(o) = -3 - o + 7 + 4 + w. Calculate k(0).
8
Let p = 2 + 3. Let j = p - 0. Let h(r) = 0*r + 4*r - j - r. Calculate h(5).
10
Suppose -5*l - 4 = -14. Let v(c) = -17*c**2 + c**l - 13 + 31*c + 49. Let o(f) = -3*f**2 + 6*f + 7. Let y(r) = 11*o(r) - 2*v(r). Determine y(4).
5
Let z = -1 - -1. Let p(j) = 2*j**2 - 2 + 0*j - j**3 - 2*j + z*j. Let s be (-3)/(-2) - (-15)/30. Calculate p(s).
-6
Suppose -6*t + 8*t = 6. Suppose -2 = v - t. Let y(w) = 1 - 3*w + 1 - 1. Give y(v).
-2
Let c(j) = j - 5. Let p be c(7). Let y = 5 - p. Let d(t) = -t**2 + 3*t + 1. Calculate d(y).
1
Let f(w) be the third derivative of -w**6/180 + w**5/40 + w**4/4 - 5*w**2. Let b(j) be the second derivative of f(j). Determine b(3).
-9
Let f(w) be the first derivative of -w**5/60 - 4*w**3/3 - w**2 + 2. Let g(i) be the second derivative of f(i). Calculate g(0).
-8
Let d(c) = -3*c + 7. Suppose -6 + 4 = w, -z + 15 = -5*w. Give d(z).
-8
Let f(x) be the third derivative of -x**5/60 + 11*x**4/24 - 2*x**3/3 + 36*x**2. What is f(10)?
6
Let s = 3 - -2. Let n = 8 - s. Let d(k) = 1 + k + 3*k**2 + 2*k - 4 - k**n - 2*k**2. Give d(2).
-1
Suppose 3*p = 2*p + 4. Let w = -3 - -4. Let i = p - w. Let t(h) = h**3 - 3*h**2 - 2*h + 4. Determine t(i).
-2
Suppose -s = 3*z + 4, -2*s + 17 = 2*s + z. Let h(a) = 2*a + a + 3*a - s*a. Suppose 10*m - 5*m = -4*i - 22, 2*m + 1 = i. Give h(m).
-2
Let p(s) be the first derivative of -s**2/2 - 10*s - 1. Let b(y) = -y - 10. Let o be 88/33 - ((-2)/3)/2. Let n(h) = o*b(h) - 2*p(h). Calculate n(0).
-10
Let w = 134 - 139. Let u(r) = r**2 + 5*r - 2. Calculate u(w).
-2
Let g(t) = -t - 3. Let c = -2 + 6. Suppose 5*z + 5 = 5*s, -s - c*z = -4*s + 4. Let u = 4 - s. Give g(u).
-7
Let a(t) be the third derivative of t**5/60 + t**4/8 - t**3/2 + 4*t**2. Calculate a(-5).
7
Let y = 14 + -18. Let v(i) = 5*i - 12. Let n(d) = -d + 3. Let t(m) = -9*n(m) - 2*v(m). Give t(y).
1
Let p(l) be the first derivative of l**3/3 + 3*l**2 - 2*l - 7. Let d = -2 - 6. Let a = d + 3. Calculate p(a).
-7
Let v(b) = -2*b - 1. Let x be v(-2). Let c(r) = 0*r + 2 + 2*r - r - x*r. What is c(3)?
-4
Let y(c) = c**3 + 9*c**2 + 8*c. Let f(l) = -l - 2. Let u(w) = -w**2 + w + 6. Let h be u(0). Let n be f(h). Give y(n).
0
Suppose 2*u + 21 = -u + 3*d, 0 = -4*d + 12. Let v be -1*2*(-6)/u. Let m(l) = 4*l + 3. Give m(v).
-9
Let m(z) = z**3 - 5*z**2 + 4*z + 3. Let h be m(4). Let n be 1/6*h*0. Let x(f) = 0*f + n + 2 - f. Give x(4).
-2
Let o(z) be the second derivative of -z + 0*z**2 + 1/6*z**3 + 0. Determine o(-6).
-6
Let a(s) be the first derivative of -s**3/3 - s**2/2 + 2*s + 2. Determine a(-4).
-10
Suppose -5 = 3*f - 11. Let r(k) be the second derivative of -1/3*k**3 + 3*k + 1/2*k**f - 1/12*k**4 + 0. What is r(-3)?
-2
Let m be (-2)/4 - (-38)/4. Let b be (m/(-2))/((-3)/8). Let z(y) = b - 3*y - 12. Calculate z(-2).
6
Let i(o) = -3*o + 1 + 5*o + o + 0. Suppose -2 = -g + 1. Suppose -g*m + m - 5*p = -3, -2*p = -2*m - 4. Give i(m).
-2
Let h(r) = r**2 + 2*r - 1. Let y be (-12)/24*-2*6/3. Determine h(y).
7
Let p be (30 + -29)/((-2)/10). Let i(n) = n**3 + 6*n**2 + 6*n - 1. Calculate i(p).
-6
Let f = 2 - 2. Let w(l) = 12*l**2 - 4*l**2 + f + l - 1. Give w(1).
8
Let k = -2 - -4. Let a(m) = -m + 5 - m**k - 2 + 5*m. Determine a(4).
3
Let j(n) = n**2 + 9*n + 5. Suppose -3*k + 4*y - 23 = 0, 3*k - 5*y + 35 = -2*k. Determine j(k).
-15
Let p be (-1)/((1 + -5)/8). Let n(k) = -k - 2. What is n(p)?
-4
Let a(w) be the third derivative of w**5/60 - w**4/24 - w**3 + w**2. Suppose 5*d = -0*d + 25. Suppose -3*n + 5*n + x = -5, -25 = n + d*x. What is a(n)?
-6
Let i(u) = -u**3 - 6*u**2 - 7*u - 7. Let n be i(-5). Suppose n*l = -l + 12. Let o(y) = y - 4. Give o(l).
-1
Let q(z) be the second derivative of -z**3/3 + 5*z. Give q(3).
-6
Let v(t) = t**2 + 6*t - 2. Let a = 28 - 34. What is v(a)?
-2
Let n(y) = 9*y - 12. Let b(g) = 11*g - 13. Let v(k) = 5*b(k) - 6*n(k). Determine v(-7).
0
Let r(t) = -t**3 + 9*t**2 - 7*t + 1. Let c(z) = -2*z**2 - 13*z - 7. Let f be c(-5). Calculate r(f).
9
Let k be -15*4/(-12) + -15. Let p(d) = -d**2 - 11*d - 12. Calculate p(k).
-2
Let r(c) be the third derivative of c**6/120 - c**5/15 - 2*c**3/3 - 32*c**2 + 2*c. Suppose 2*i - 7 = 1. Give r(i).
-4
Let v(i) = i**2 + 5*i. Suppose -30 = 5*p - 6*u + u, -2*p + 3*u - 14 = 0. Give v(p).
-4
Let r(s) = s**2 - s + 1. Suppose 2*x = -4*h + 14, 2*h + 2*x + 7 = 5*h. Suppose -n + 11 = 2*g + 5, h*n + 2 = -g. Give r(n).
7
Suppose p = 4*p - 12. Suppose 3*s - s = 3*j + p, -2*j + 4 = 0. Let l(c) = -c**2 + 7*c - 2. Determine l(s).
8
Let k(o) = -o**2 - 9*o - 1. Let r(s) = -s**3 + 5*s**2 + 4*s + 5. Let j be r(6). Calculate k(j).
13
Let h(t) = t**2 - t - 4. Let u(d) = -2*d + 9. Let f be u(3). Determine h(f).
2
Let g(a) = a**2 - 2*a + 3*a - 22 + 26. Determine g(0).
4
Suppose -2*f = -0*f + 6. Let y(w) = -4*w. Let m(d) = -d - 1. Let q(b) = -8*b - 5. Let a(o) = -5*m(o) + q(o). Let c(n) = 8*a(n) - 5*y(n). Calculate c(f).
12
Let v(b) be the first derivative of b**3/3 - 5*b**2/2 - 3*b + 4. Give v(4).
-7
Let f(k) = -1 - 135*k**2 + 2*k + 125*k**2 + 0*k. What is f(1)?
-9
Let a(b) = b**3 + 8*b**2 + 6*b - 9. Let f = -18 - -39. Suppose 4*x = x - f. Let t be a(x). Let i(y) = y**2 - y - 2. What is i(t)?
4
Let a(b) = b**2 - 5*b - 5. Let s = -62 + 68. What is a(s)?
1
Suppose -u + 3 = -0*u. Suppose 0 = u*c - 19 + 1. Let i be (-4)/6 - 20/c. Let x(n) = n**3 + 5*n**2 + 6*n + 1. Give x(i).
-7
Suppose t - 4 = 4*i, -i - 20 = -2*t - 3*t. Let q = t + -2. Let a(h) = -2*h**2 + 2*h - 1 - 9*h**2 + h**q. Determine a(1).
-9
Let f(v) = 12*v**3 - v**3 - 12*v**3 + 4*v. Determine f(-3).
15
Suppose 2*r + 2*x = -0*r + 44, -2*r = -x - 35. Let q = r + -14. Let h(y) be the first derivative of -y**2/2 - y + 1. What is h(q)?
-6
Let j(o) = o**2 - 5*o + 4. Let f be 7 - ((-15)/(-45) + (-2)/(-3)). What is j(f)?
10
Suppose 2*g + 0 = -8. Let h(o) be the second derivative of -o**4/12 - o**3/2 - 3*o**2/2 + 12*o. What is h(g)?
-7
L